{"id":430,"date":"2015-11-14T18:32:59","date_gmt":"2015-11-14T20:32:59","guid":{"rendered":"http:\/\/www.engefono.com.br\/?page_id=430"},"modified":"2015-11-14T18:32:59","modified_gmt":"2015-11-14T20:32:59","slug":"suporte-tecnico-para-equipamentos","status":"publish","type":"page","link":"https:\/\/www.engefono.com.br\/?page_id=430","title":{"rendered":"Suporte T\u00e9cnico para Equipamentos"},"content":{"rendered":"<h2 id=\"NaoSolucionado\">Problema n\u00e3o foi Solucionado<\/h2>\n<p>Em alguns casos,\u00a0o problema de grava\u00e7\u00e3o \u00e9 decorr\u00eancia de uma falha de hardware:<\/p>\n<ul>\n<li>Problemas de fabrica\u00e7\u00e3o<\/li>\n<li>Incompatibilidade de adaptador de som para o Doppler<\/li>\n<li>Drivers desatualizados da placa de som<\/li>\n<li>Queima de componentes internos do computador<\/li>\n<\/ul>\n<p>Neste caso, recomendamos a procura do suporte t\u00e9cnico em site ou a assist\u00eancia t\u00e9cnica do fabricante em sua cidade.<\/p>\n<p>Problemas dessa origem s\u00e3o decorr\u00eancia do equipamento e n\u00e3o relacionados ao programa DeglutiSom.<\/p>\n<p>S\u00e3o listados abaixo os endere\u00e7os de suporte t\u00e9cnico dos principais fabricante de computadores, notebooks e tablets para Windows.<\/p>\n<ul>\n<li><a href=\"http:\/\/support.hp.com\/br-pt\/products\/\" target=\"_blank\">HP<\/a><\/li>\n<li><a href=\"http:\/\/www.dell.com\/support\/home\/br\/pt\/brbsdt1\" target=\"_blank\">Dell<\/a><\/li>\n<li><a href=\"http:\/\/support.lenovo.com\/br\/pt\/\" target=\"_blank\">Lenovo<\/a><\/li>\n<li><a href=\"http:\/\/br.acer.com\/ac\/pt\/BR\/content\/support\">Acer<\/a><\/li>\n<li><a href=\"https:\/\/www.asus.com\/br\/support\/\" target=\"_blank\">Asus<\/a><\/li>\n<li><a href=\"http:\/\/www.lge.com\/br\/suporte\">LG<\/a><\/li>\n<li><a href=\"http:\/\/www.positivoinformatica.com.br\/suporte-tecnico-autoatendimento\">Positivo<\/a><\/li>\n<li><a href=\"https:\/\/www.semptoshiba.com.br\/Suporte\">Semp Toshiba<\/a><\/li>\n<\/ul>\n","protected":false},"excerpt":{"rendered":"<p>Problema n\u00e3o foi Solucionado Em alguns casos,\u00a0o problema de grava\u00e7\u00e3o \u00e9 decorr\u00eancia de uma falha de hardware: Problemas de fabrica\u00e7\u00e3o Incompatibilidade de adaptador de som para o Doppler Drivers desatualizados da placa de som Queima de componentes internos do computador Neste caso, recomendamos a procura do suporte t\u00e9cnico em site ou a assist\u00eancia t\u00e9cnica do [&hellip;]<\/p>\n","protected":false},"author":1,"featured_media":0,"parent":295,"menu_order":0,"comment_status":"closed","ping_status":"closed","template":"","meta":{"footnotes":""},"class_list":["post-430","page","type-page","status-publish","hentry"],"_links":{"self":[{"href":"https:\/\/www.engefono.com.br\/index.php?rest_route=\/wp\/v2\/pages\/430","targetHints":{"allow":["GET"]}}],"collection":[{"href":"https:\/\/www.engefono.com.br\/index.php?rest_route=\/wp\/v2\/pages"}],"about":[{"href":"https:\/\/www.engefono.com.br\/index.php?rest_route=\/wp\/v2\/types\/page"}],"author":[{"embeddable":true,"href":"https:\/\/www.engefono.com.br\/index.php?rest_route=\/wp\/v2\/users\/1"}],"replies":[{"embeddable":true,"href":"https:\/\/www.engefono.com.br\/index.php?rest_route=%2Fwp%2Fv2%2Fcomments&post=430"}],"version-history":[{"count":0,"href":"https:\/\/www.engefono.com.br\/index.php?rest_route=\/wp\/v2\/pages\/430\/revisions"}],"up":[{"embeddable":true,"href":"https:\/\/www.engefono.com.br\/index.php?rest_route=\/wp\/v2\/pages\/295"}],"wp:attachment":[{"href":"https:\/\/www.engefono.com.br\/index.php?rest_route=%2Fwp%2Fv2%2Fmedia&parent=430"}],"curies":[{"name":"wp","href":"https:\/\/api.w.org\/{rel}","templated":true}]}}