{"id":394,"date":"2015-11-14T16:17:05","date_gmt":"2015-11-14T18:17:05","guid":{"rendered":"http:\/\/www.engefono.com.br\/?page_id=394"},"modified":"2015-11-14T16:17:05","modified_gmt":"2015-11-14T18:17:05","slug":"requerimentos-minimos","status":"publish","type":"page","link":"https:\/\/www.engefono.com.br\/?page_id=394","title":{"rendered":"Requerimentos M\u00ednimos"},"content":{"rendered":"<p>O DeglutiSom necessita dos seguintes requerimentos<\/p>\n<ul>\n<li>Windows XP, Windows Vista, Windows 7, Windows 8, Windows 8.1 ou Windows 10.<\/li>\n<li>2GBytes de Mem\u00f3ria RAM<\/li>\n<li>700 Mbytes de disco<\/li>\n<li>Microsoft Framework 4.0 (j\u00e1 vem no pacote de instala\u00e7\u00e3o do programa).<\/li>\n<\/ul>\n<p><strong>Aten\u00e7\u00e3o:\u00a0N\u00e3o \u00e9 compat\u00edvel com Windows Phone, Linux, Android, iOS ou Mac.<\/strong><\/p>\n","protected":false},"excerpt":{"rendered":"<p>O DeglutiSom necessita dos seguintes requerimentos Windows XP, Windows Vista, Windows 7, Windows 8, Windows 8.1 ou Windows 10. 2GBytes de Mem\u00f3ria RAM 700 Mbytes de disco Microsoft Framework 4.0 (j\u00e1 vem no pacote de instala\u00e7\u00e3o do programa). Aten\u00e7\u00e3o:\u00a0N\u00e3o \u00e9 compat\u00edvel com Windows Phone, Linux, Android, iOS ou Mac.<\/p>\n","protected":false},"author":1,"featured_media":0,"parent":295,"menu_order":0,"comment_status":"closed","ping_status":"closed","template":"","meta":{"footnotes":""},"class_list":["post-394","page","type-page","status-publish","hentry"],"_links":{"self":[{"href":"https:\/\/www.engefono.com.br\/index.php?rest_route=\/wp\/v2\/pages\/394","targetHints":{"allow":["GET"]}}],"collection":[{"href":"https:\/\/www.engefono.com.br\/index.php?rest_route=\/wp\/v2\/pages"}],"about":[{"href":"https:\/\/www.engefono.com.br\/index.php?rest_route=\/wp\/v2\/types\/page"}],"author":[{"embeddable":true,"href":"https:\/\/www.engefono.com.br\/index.php?rest_route=\/wp\/v2\/users\/1"}],"replies":[{"embeddable":true,"href":"https:\/\/www.engefono.com.br\/index.php?rest_route=%2Fwp%2Fv2%2Fcomments&post=394"}],"version-history":[{"count":0,"href":"https:\/\/www.engefono.com.br\/index.php?rest_route=\/wp\/v2\/pages\/394\/revisions"}],"up":[{"embeddable":true,"href":"https:\/\/www.engefono.com.br\/index.php?rest_route=\/wp\/v2\/pages\/295"}],"wp:attachment":[{"href":"https:\/\/www.engefono.com.br\/index.php?rest_route=%2Fwp%2Fv2%2Fmedia&parent=394"}],"curies":[{"name":"wp","href":"https:\/\/api.w.org\/{rel}","templated":true}]}}